inder when 54518920 is divided by 895.
890
Calculate the remainder when 23130930 is divided by 312579.
84
Calculate the remainder when 29017 is divided by 9007.
1996
What is the remainder when 1253933 is divided by 1253867?
66
What is the remainder when 19624 is divided by 236?
36
What is the remainder when 1222957 is divided by 42168?
85
Calculate the remainder when 616588 is divided by 153174.
3892
What is the remainder when 24046392 is divided by 248?
64
Calculate the remainder when 2208038 is divided by 36197.
21
What is the remainder when 1560694 is divided by 374?
366
What is the remainder when 7049530 is divided by 6432?
58
What is the remainder when 18604646 is divided by 193?
25
What is the remainder when 5575333 is divided by 32?
5
What is the remainder when 1729601 is divided by 218?
207
Calculate the remainder when 346914 is divided by 383.
299
Calculate the remainder when 22626259 is divided by 236.
231
What is the remainder when 3749641 is divided by 1830?
1801
Calculate the remainder when 159182 is divided by 6880.
942
What is the remainder when 3737961 is divided by 37?
36
What is the remainder when 135548892 is divided by 87?
21
What is the remainder when 79793251 is divided by 9?
7
What is the remainder when 24784 is divided by 1139?
865
Calculate the remainder when 39121760 is divided by 244511.
0
Calculate the remainder when 335598 is divided by 45.
33
Calculate the remainder when 163283 is divided by 54348.
239
What is the remainder when 548645 is divided by 4940?
305
What is the remainder when 8396366 is divided by 955?
6
Calculate the remainder when 214712 is divided by 30672.
8
Calculate the remainder when 403432 is divided by 403186.
246
What is the remainder when 243175 is divided by 437?
203
Calculate the remainder when 205576545 is divided by 17.
16
What is the remainder when 7737 is divided by 1078?
191
Calculate the remainder when 400086 is divided by 99992.
118
Calculate the remainder when 2434427 is divided by 347774.
9
Calculate the remainder when 27004399 is divided by 414.
7
What is the remainder when 2071160 is divided by 689444?
2828
Calculate the remainder when 41947427 is divided by 132745.
7
What is the remainder when 201260 is divided by 14032?
4812
Calculate the remainder when 3793669 is divided by 18.
7
Calculate the remainder when 158325 is divided by 1579.
425
Calculate the remainder when 453568 is divided by 32357.
570
Calculate the remainder when 6343335 is divided by 1044.
1035
Calculate the remainder when 227032 is divided by 1369.
1147
Calculate the remainder when 311006 is divided by 102279.
4169
What is the remainder when 1247542 is divided by 108?
34
Calculate the remainder when 115212 is divided by 223.
144
Calculate the remainder when 32487887 is divided by 11997.
11
What is the remainder when 12124390 is divided by 677?
674
Calculate the remainder when 9141130 is divided by 1039.
8
Calculate the remainder when 6570004 is divided by 39.
25
Calculate the remainder when 9763212 is divided by 31093.
10
What is the remainder when 8136417 is divided by 813641?
7
Calculate the remainder when 73227 is divided by 6719.
6037
What is the remainder when 851553 is divided by 6976?
481
Calculate the remainder when 26428839 is divided by 5290.
5289
What is the remainder when 886930 is divided by 1071?
142
Calculate the remainder when 114933 is divided by 57284.
365
Calculate the remainder when 23608732 is divided by 5.
2
What is the remainder when 668992281 is divided by 1865?
1861
What is the remainder when 94609 is divided by 5252?
73
Calculate the remainder when 211034 is divided by 544.
506
What is the remainder when 788272 is divided by 7730?
7542
What is the remainder when 240716 is divided by 1007?
43
Calculate the remainder when 31071716 is divided by 60.
56
Calculate the remainder when 998748 is divided by 430.
288
Calculate the remainder when 4059773 is divided by 9290.
43
Calculate the remainder when 14591973 is divided by 7295818.
337
Calculate the remainder when 541569 is divided by 4.
1
What is the remainder when 133928 is divided by 33456?
104
What is the remainder when 543826 is divided by 928?
18
Calculate the remainder when 1799962 is divided by 5056.
26
What is the remainder when 6047561 is divided by 14?
9
Calculate the remainder when 1951894 is divided by 1.
0
What is the remainder when 118785 is divided by 6245?
130
Calculate the remainder when 22899182 is divided by 81.
77
What is the remainder when 2350630 is divided by 57?
7
Calculate the remainder when 172106 is divided by 172043.
63
Calculate the remainder when 203374985 is divided by 6198.
11
Calculate the remainder when 60347 is divided by 2859.
308
What is the remainder when 17357871 is divided by 1735787?
1
Calculate the remainder when 2751462 is divided by 7338.
7050
Calculate the remainder when 203785086 is divided by 533.
531
What is the remainder when 323166 is divided by 3437?
88
Calculate the remainder when 15726355 is divided by 26.
21
What is the remainder when 5402851 is divided by 1800903?
142
Calculate the remainder when 30288 is divided by 195.
63
What is the remainder when 1198038 is divided by 15551?
611
Calculate the remainder when 235242 is divided by 2314.
1528
Calculate the remainder when 8322331 is divided by 16984.
171
Calculate the remainder when 48992440 is divided by 466.
462
What is the remainder when 48336 is divided by 16018?
282
Calculate the remainder when 48749682 is divided by 4.
2
Calculate the remainder when 7541254 is divided by 3770621.
12
Calculate the remainder when 4211797 is divided by 378.
121
What is the remainder when 7548199 is divided by 313?
204
What is the remainder when 3888141 is divided by 806?
803
What is the remainder when 483750 is divided by 53259?
4419
What is the remainder when 141901377 is divided by 2844?
2841
What is the remainder when 375153 is divided by 460?
253
What is the remainder when 662653 is divided by 8928?
1981
What is the remainder when 1980371 is divided by 116?
19
What is the remainder when 3607445 is divided by 12065?
10
What is the remainder when 129982 is divided by 69?
55
What is the remainder when 3594600 is divided by 37?
13
What is the remainder when 3138232 is divided by 1942?
1902
What is the remainder when 428664 is divided by 2672?
1144
Calculate the remainder when 353554 is divided by 115.
44
What is the remainder when 62785 is divided by 27?
10
Calculate the remainder when 1822370 is divided by 1784.
906
Calculate the remainder when 235934 is divided by 46.
0
Calculate the remainder when 197745 is divided by 251.
208
Calculate the remainder when 36064609 is divided by 901615.
9
What is the remainder when 2090329 is divided by 19177?
36
What is the remainder when 21549753 is divided by 121?
16
Calculate the remainder when 129805 is divided by 807.
685
What is the remainder when 120008 is divided by 541?
447
Calculate the remainder when 1330720 is divided by 1328630.
2090
Calculate the remainder when 9716008 is divided by 77.
71
What is the remainder when 215766 is divided by 3651?
357
What is the remainder when 37262600 is divided by 249?
248
Calculate the remainder when 6551423 is divided by 11.
10
Calculate the remainder when 1732276 is divided by 433050.
76
What is the remainder when 2600421 is divided by 162?
159
What is the remainder when 6524657 is divided by 2174881?
14
What is the remainder when 126082762 is divided by 63041374?
14
What is the remainder when 52676 is divided by 63?
8
What is the remainder when 19493 is divided by 54?
53
What is the remainder when 4746501 is divided by 1487?
1484
What is the remainder when 365225 is divided by 39543?
9338
What is the remainder when 12053662 is divided by 1442?
1426
Calculate the remainder when 50457 is divided by 5505.
912
What is the remainder when 65185904 is divided by 1682?
1676
What is the remainder when 154271 is divided by 51039?
1154
What is the remainder when 6534463 is divided by 55850?
13
Calculate the remainder when 8231782 is divided by 4440.
22
Calculate the remainder when 15318625 is divided by 9.
4
What is the remainder when 18808882 is divided by 199?
198
Calculate the remainder when 151301 is divided by 3027.
2978
Calculate the remainder when 16000057 is divide